f**3 + 0*f**3 + 57*f**2. What are the prime factors of u(34)?
23, 31
Let y(q) = -3*q**2 + 7*q + 5. Let i be y(6). Let r = i - -45. Let v(x) = -4*x - 1. What are the prime factors of v(r)?
3, 7
Suppose -a + 2297 = 2*v + 2*v, a - 2*v - 2267 = 0. Suppose -l - l + 759 = m, a = 3*m - 4*l. List the prime factors of m.
3, 11, 23
Let v = -26 - -90. Suppose 74 = -5*g + v. Let p = 20 - g. What are the prime factors of p?
2, 11
Let i = -7856 - -12006. List the prime factors of i.
2, 5, 83
Let z = -38443 + 56041. What are the prime factors of z?
2, 3, 7, 419
Suppose 8991 + 16781 = 17*q. Suppose -4*c - 296 = -q. List the prime factors of c.
5, 61
Suppose -90 = 2*x - 278. Let t = -74 + x. List the prime factors of t.
2, 5
Let v(n) = -5*n - 10. Let b be v(-2). Suppose -90 = -x - p, b = -4*x - 0*x - 2*p + 370. Suppose o - 19 = x. What are the prime factors of o?
2, 3, 19
Suppose -3*x - 2*z + 5 = 0, -4*z - 8 + 3 = 3*x. Suppose 7*u = 3*u - 3*n + 1712, -2*u = -x*n - 830. List the prime factors of u.
5, 17
Let y(o) = -2*o**2 - 55*o + 237 - 160 + 4*o**2. List the prime factors of y(37).
2, 3, 5, 13
Suppose 57196 = 3*j - 2*y, 13*y - 10*y = 3*j - 57189. What are the prime factors of j?
2, 5, 1907
Let r(y) = y**3 + 4*y**2 - 3*y + 5. Let f be 2/(-5)*(-5880)/28. Let w be f/(-22) + 26/(-143). What are the prime factors of r(w)?
17
Suppose 5*a + c - 8779 = 0, -3*c + 4*c + 3513 = 2*a. Suppose 5*r = 9*r - a. List the prime factors of r.
439
Suppose -x = 3 + 154. Let n = x - -348. Suppose -3*u + n = -184. What are the prime factors of u?
5
Let t(k) = 742*k - 6470. List the prime factors of t(30).
2, 5, 1579
Suppose -9 = 7*x - 10*x. Suppose -4*g - 2*d + 12 + 6 = 0, -3*d + x = 0. What are the prime factors of (325/2 - 0)*g/5?
2, 5, 13
Let f = 12634 - 7082. Suppose -6*n + 8*n - 3335 = -3*o, 3*n + f = 5*o. What are the prime factors of o?
11, 101
Let q = 169309 - 107696. What are the prime factors of q?
61613
Let i(f) be the first derivative of 35*f**3/3 - 11*f**2 + 23*f - 122. What are the prime factors of i(6)?
1151
Suppose 21*s + 138 = 27*s. Suppose 1216 + 1981 = s*p. List the prime factors of p.
139
List the prime factors of 11/(19/(-114) + 709/4245).
2, 5, 11, 283
Let x = -32332 + 46814. List the prime factors of x.
2, 13, 557
Let t(y) = 2*y + 128. Suppose 15*x - 18*x = -39. Suppose -4*z + 4*r = -x - 3, 2*r + 8 = 4*z. List the prime factors of t(z).
2
Suppose -96 + 95 = -t. What are the prime factors of (-90 - (-9 - -12))/(t/(-8))?
2, 3, 31
Suppose -42*q + 557429 = -79867 - 106566. What are the prime factors of q?
89, 199
Let k = 70128 - 41466. List the prime factors of k.
2, 3, 17, 281
Let j = -12081 - -21575. List the prime factors of j.
2, 47, 101
Let u be 12/21*49/21*6. What are the prime factors of 408 + (-7 + u)*-5?
13, 31
Suppose 0 = -3*y - 2*w + 31675, -10*y + 3*w = -13*y + 31677. What are the prime factors of y?
3, 17, 23
Let i = 6266 - 1316. What are the prime factors of i?
2, 3, 5, 11
Suppose y - r = 2*y + 4, 4*y = 4*r + 16. Suppose y = -5*x + 4 + 11. Suppose -x*q + 200 = 2*q + 4*h, 3*h + 21 = q. What are the prime factors of q?
2, 3
List the prime factors of -2 + 7224/3 - 2 - -5.
3, 11, 73
Let z be (15/12)/((-3)/(-12)). Let b(s) = 26*s**2 + s - 2. Let d be b(z). Suppose 0 = 4*o - x - 751, -5*o - 4*x + 270 = -d. What are the prime factors of o?
11, 17
Let i be (-7)/42 - 150483/(-18). Suppose -385*a + 390*a - i = 0. What are the prime factors of a?
2, 11, 19
Suppose 792 = -3*k + v + 80, -v = 4*k + 947. Let n = 312 + k. What are the prime factors of n?
3, 5
Suppose -1490*s - 3168324 = -1552*s. What are the prime factors of s?
2, 3, 17, 167
Let l be (-2)/15 - ((-4460154)/90)/17. Suppose 0*i + l = 5*i. List the prime factors of i.
11, 53
Let f = -4076 - -2448. Let b = -1124 - f. List the prime factors of b.
2, 3, 7
Let g = 323 - 34. Suppose g*q - 6487 = 276*q. List the prime factors of q.
499
Let l be -3*5/(-45)*-237. Let g = l + 86. List the prime factors of g.
7
Let w = 385 + -380. Suppose -4 = u, -w*i + 3*i - 2*u = -310. What are the prime factors of i?
3, 53
Suppose -10861548 = 325*t - 1087*t. What are the prime factors of t?
2, 7127
Let p = 240 + 58. Let h = p + 709. What are the prime factors of h?
19, 53
Let y(p) = -144*p - 134. Suppose 8 - 35 = 3*l. List the prime factors of y(l).
2, 7, 83
Let v(c) = 1177*c - 3871. List the prime factors of v(27).
2, 6977
Let m(q) = -q**3 - 16*q**2 - 21*q + 21. Let f be 3 + 8*-3 + 6. List the prime factors of m(f).
3, 37
Let r(g) = -g**3 + 2*g**2 + 2*g - 42. Let s be r(0). List the prime factors of (5 - (-216)/s) + 11973/21.
2, 3, 5, 19
What are the prime factors of (-10)/(-15) + (-41156)/(-24)*4?
2, 5, 7
Let v be ((-2)/(-6) + 0)*-6. Let i(f) = -62*f**2 + 9*f + 11. Let h be i(v). List the prime factors of ((-32)/3)/4*h/4.
2, 5, 17
Let a(i) = i - 11. Let l be a(11). Suppose 2*h + d = 4*d + 282, 3*h - 2*d - 433 = l. List the prime factors of h.
3, 7
Let l = 7 - 3. Suppose -3*q - 5*j + 992 = -1304, -q + 2*j = -769. Suppose l*k + u = q, -5*k + 0*u = 2*u - 955. What are the prime factors of k?
193
Suppose 0 = -n - 3*n + 664. Suppose -705 - 675 = -12*j. Let y = n - j. List the prime factors of y.
3, 17
Let g(p) = -8*p - 29. Let o be g(-10). Let n(k) = -3*k - 3. Let y be n(8). Let r = o + y. What are the prime factors of r?
2, 3
Suppose 0 = 2*r - 2*f + 1278, 3*r + 1006 = 2*f - 907. Let w = 180 - r. List the prime factors of w.
5, 163
Suppose 65 = 5*h - 5*f, h - f = -3*h + 46. Suppose j = h - 6. Suppose -j*s - 40 + 370 = 0. List the prime factors of s.
2, 3, 11
Suppose -41*d + 5*n + 34450 = -36*d, -d = 2*n - 6884. What are the prime factors of d?
2, 3, 7, 41
Suppose -2044*s + 97006 = -2031*s. What are the prime factors of s?
2, 7, 13, 41
Let m(i) be the second derivative of i**4/12 - i**3/3 + 31*i**2 + 104*i. List the prime factors of m(-14).
2, 11, 13
Suppose -x = -4*b - 68, 2*x - b - 3*b = 116. Suppose -11 = -4*j + 3*j. Let c = x - j. What are the prime factors of c?
37
Suppose -3*b + 393 = 414, -2*b = 2*s - 39332. What are the prime factors of s?
103, 191
Suppose 7*m + 12*m = -190. List the prime factors of (-1800)/(-27)*(-48)/m.
2, 5
Suppose 6 = 3*s, 9 - 1 = 2*o + s. Suppose -17 = o*w - 26. List the prime factors of (5*-20)/(-2) + w + -3.
2, 5
Let f(y) = 6*y**3 - 6*y**2 - 57*y - 17. List the prime factors of f(9).
2, 23, 73
Suppose 96*r - 98*r = -4*b - 518, r - 4*b = 265. Suppose -3*i + 12 = 0, -2*x - i + 1673 = -r. What are the prime factors of x?
31
Let z be (35/(-15) + 0)/(1/(-3)). Suppose z*l - 660 - 2000 = 0. List the prime factors of l.
2, 5, 19
Let z = -47 + 47. Let s be (z/1*2/2)/(-1). Suppose s = 3*w + 4*j - 668, 3*w + j = -0*w + 662. What are the prime factors of w?
2, 5, 11
Let v(g) = 7*g**2 - 13*g - 19. Suppose 5 = m + 12. Let o be v(m). Suppose -2*q = 5*u - 4*q - o, 3*u = -q + 238. What are the prime factors of u?
3
Let a(g) = 143*g**3 + g**2 + g. Suppose 28 = 3*t + 25. Let z be a(t). Let l = z + -45. What are the prime factors of l?
2, 5
Let y(t) = -13*t + 71. Suppose -j = 3*b - 8*b + 12, -j + 4*b - 14 = 0. What are the prime factors of y(j)?
3, 7, 17
Let h(k) be the first derivative of 25*k**2/2 + 13*k + 46. Let r be h(5). Suppose -2*u + r = -u. List the prime factors of u.
2, 3, 23
Let v(z) be the third derivative of -z**6/120 + z**5/20 + z**4/24 - 7*z**3/6 - 2*z**2. Let r be v(3). What are the prime factors of (-30 + 2 - 3)*(3 + r)?
31
Let n be ((-240)/100)/((1 - 3)/(-60)). Let q = n + 79. Suppose 2*s - q*s = -570. What are the prime factors of s?
2, 3, 19
Let w(l) = 35*l + 231. Let d(t) = 53*t + 346. Let p(m) = -5*d(m) + 8*w(m). What are the prime factors of p(10)?
2, 67
Let f(x) = 9*x**2 + x - 4. Let k(u) = 2*u + 4. Let p be k(0). Suppose 0 = s + p*s - 10. List the prime factors of f(s).
2, 17
Let n be ((-121)/(-17) - -2) + 24/(-204). Let u be (7 + -4)/(-3)*n*-1. Suppose -1856 = u*j - 17*j. What are the prime factors of j?
2, 29
Let h(r) be the second derivative of -r**4/12 + r**3/6 + 101*r**2/2 + 2*r. Suppose -155*s = -158*s. List the prime factors of h(s).
101
Let j be (-3 + 2)*9/(-3). Let o(b) be the third derivative of b**6/24 - b**5/30 - b**4/6 + 2*b**3/3 + 180*b**2. What are the prime factors of o(j)?
109
Let p(w) = 2*w**2 + 4*w + 3. Let f be p(-2). Suppose -f*q + 2 = -q. Suppose 22 = t - q. What ar